{"id":56,"date":"2024-12-15T01:00:09","date_gmt":"2024-12-15T00:00:09","guid":{"rendered":"https:\/\/motogymkhana.poznan.pl\/?page_id=56"},"modified":"2026-02-20T18:37:09","modified_gmt":"2026-02-20T17:37:09","slug":"figury","status":"publish","type":"page","link":"https:\/\/motogymkhana.poznan.pl\/?page_id=56","title":{"rendered":"\u015acigamy Si\u0119"},"content":{"rendered":"\t\t<div data-elementor-type=\"wp-page\" data-elementor-id=\"56\" class=\"elementor elementor-56\" data-elementor-post-type=\"page\">\n\t\t\t\t<div class=\"elementor-element elementor-element-ce09c16 e-flex e-con-boxed e-con e-parent\" data-id=\"ce09c16\" data-element_type=\"container\" data-e-type=\"container\">\n\t\t\t\t\t<div class=\"e-con-inner\">\n\t\t\t\t<div class=\"elementor-element elementor-element-7d9a774 elementor-widget elementor-widget-text-editor\" data-id=\"7d9a774\" data-element_type=\"widget\" data-e-type=\"widget\" data-widget_type=\"text-editor.default\">\n\t\t\t\t<div class=\"elementor-widget-container\">\n\t\t\t\t\t\t\t\t\t<h2>Kalendarz zawod\u00f3w:<\/h2>\t\t\t\t\t\t\t\t<\/div>\n\t\t\t\t<\/div>\n\t\t\t\t<div class=\"elementor-element elementor-element-6a50383 elementor-widget elementor-widget-text-editor\" data-id=\"6a50383\" data-element_type=\"widget\" data-e-type=\"widget\" data-widget_type=\"text-editor.default\">\n\t\t\t\t<div class=\"elementor-widget-container\">\n\t\t\t\t\t\t\t\t\t<h3>Polska \ud83c\uddf5\ud83c\uddf1:<\/h3><h5>10.05 Gorz\u00f3w Wielkopolski<\/h5><h5>24.05 Boles\u0142awiec<\/h5><h5>14.06 \u0141\u00f3d\u017a<\/h5><h5>19.07 Gda\u0144sk<\/h5><h5>08.08 Warszawa<\/h5><h5>23.08 Szczecin (mo\u017ce ulec zmianie)<\/h5><h3>Czechy \ud83c\udde8\ud83c\uddff:<\/h3><h5>26.04 Kolin<\/h5><h5>17.05 Vyskov<\/h5><h5>07.06 Janovice ad Uhlavou<\/h5><h5>26.07 Sobeslav<\/h5><h5>30.08 Kolin<\/h5><h5>13.09 Liberec<\/h5><h3>Mistrzostwa Europy \ud83c\udde7\ud83c\uddea:<\/h3><h5><span style=\"font-size: 16px;\">26.06-28.06 <\/span>Belgia, Mettet\u00a0 \u00a0<\/h5>\t\t\t\t\t\t\t\t<\/div>\n\t\t\t\t<\/div>\n\t\t\t\t\t<\/div>\n\t\t\t\t<\/div>\n\t\t\t\t<\/div>\n\t\t","protected":false},"excerpt":{"rendered":"<p>Kalendarz zawod\u00f3w: Polska \ud83c\uddf5\ud83c\uddf1: 10.05 Gorz\u00f3w Wielkopolski 24.05 Boles\u0142awiec 14.06 \u0141\u00f3d\u017a 19.07 Gda\u0144sk 08.08 Warszawa 23.08 Szczecin (mo\u017ce ulec zmianie) Czechy \ud83c\udde8\ud83c\uddff: 26.04 Kolin 17.05 Vyskov 07.06 Janovice ad Uhlavou 26.07 Sobeslav 30.08 Kolin 13.09 Liberec Mistrzostwa Europy \ud83c\udde7\ud83c\uddea: 26.06-28.06 Belgia, Mettet\u00a0 \u00a0<\/p>\n","protected":false},"author":1,"featured_media":0,"parent":76,"menu_order":3,"comment_status":"closed","ping_status":"closed","template":"","meta":{"footnotes":""},"class_list":["post-56","page","type-page","status-publish","hentry"],"_links":{"self":[{"href":"https:\/\/motogymkhana.poznan.pl\/index.php?rest_route=\/wp\/v2\/pages\/56","targetHints":{"allow":["GET"]}}],"collection":[{"href":"https:\/\/motogymkhana.poznan.pl\/index.php?rest_route=\/wp\/v2\/pages"}],"about":[{"href":"https:\/\/motogymkhana.poznan.pl\/index.php?rest_route=\/wp\/v2\/types\/page"}],"author":[{"embeddable":true,"href":"https:\/\/motogymkhana.poznan.pl\/index.php?rest_route=\/wp\/v2\/users\/1"}],"replies":[{"embeddable":true,"href":"https:\/\/motogymkhana.poznan.pl\/index.php?rest_route=%2Fwp%2Fv2%2Fcomments&post=56"}],"version-history":[{"count":25,"href":"https:\/\/motogymkhana.poznan.pl\/index.php?rest_route=\/wp\/v2\/pages\/56\/revisions"}],"predecessor-version":[{"id":485,"href":"https:\/\/motogymkhana.poznan.pl\/index.php?rest_route=\/wp\/v2\/pages\/56\/revisions\/485"}],"up":[{"embeddable":true,"href":"https:\/\/motogymkhana.poznan.pl\/index.php?rest_route=\/wp\/v2\/pages\/76"}],"wp:attachment":[{"href":"https:\/\/motogymkhana.poznan.pl\/index.php?rest_route=%2Fwp%2Fv2%2Fmedia&parent=56"}],"curies":[{"name":"wp","href":"https:\/\/api.w.org\/{rel}","templated":true}]}}